 digit of 2490740654?
0
What is the thousands digit of 581822232?
2
What is the tens digit of 1754622072?
7
What is the units digit of 709688174?
4
What is the hundred millions digit of 457056053?
4
What is the units digit of 714128323?
3
What is the millions digit of 2016108121?
6
What is the hundred thousands digit of 43849940?
8
What is the hundred millions digit of 462593752?
4
What is the thousands digit of 1698301875?
1
What is the millions digit of 223418426?
3
What is the thousands digit of 1018252469?
2
What is the hundred millions digit of 816195035?
8
What is the ten thousands digit of 450762572?
6
What is the thousands digit of 25290660?
0
What is the thousands digit of 5039897373?
7
What is the units digit of 73366887?
7
What is the hundred thousands digit of 26096558?
0
What is the hundred thousands digit of 82245283?
2
What is the millions digit of 9197937480?
7
What is the hundred thousands digit of 52037702?
0
What is the thousands digit of 164167078?
7
What is the thousands digit of 140036397?
6
What is the ten millions digit of 49361609?
4
What is the hundreds digit of 162335526?
5
What is the millions digit of 16655388?
6
What is the tens digit of 2599746337?
3
What is the ten thousands digit of 37752049?
5
What is the ten millions digit of 35350211?
3
What is the thousands digit of 237854154?
4
What is the hundred thousands digit of 65161439?
1
What is the units digit of 14040225?
5
What is the hundreds digit of 117073023?
0
What is the billions digit of 1700842058?
1
What is the hundred thousands digit of 1890427244?
4
What is the hundreds digit of 84680193?
1
What is the thousands digit of 97631759?
1
What is the thousands digit of 83495952?
5
What is the hundreds digit of 117406371?
3
What is the tens digit of 5800451?
5
What is the units digit of 241068407?
7
What is the hundred millions digit of 125396543?
1
What is the units digit of 220126504?
4
What is the hundred millions digit of 2574402811?
5
What is the ten thousands digit of 2026687223?
8
What is the thousands digit of 15164938?
4
What is the thousands digit of 39710037?
0
What is the ten thousands digit of 54727994?
2
What is the hundred thousands digit of 942814169?
8
What is the thousands digit of 79347921?
7
What is the ten thousands digit of 3956268275?
6
What is the tens digit of 79285634?
3
What is the tens digit of 777895161?
6
What is the units digit of 178333949?
9
What is the ten thousands digit of 7759591573?
9
What is the hundred thousands digit of 1153469376?
4
What is the millions digit of 1611956081?
1
What is the hundred thousands digit of 67569014?
5
What is the units digit of 439258697?
7
What is the hundred millions digit of 137603047?
1
What is the millions digit of 195144649?
5
What is the units digit of 71490499?
9
What is the thousands digit of 84927614?
7
What is the millions digit of 475192404?
5
What is the thousands digit of 5564506946?
6
What is the millions digit of 56928415?
6
What is the hundreds digit of 1686377585?
5
What is the units digit of 72225613?
3
What is the thousands digit of 47375156?
5
What is the hundred millions digit of 901794773?
9
What is the hundreds digit of 174486111?
1
What is the thousands digit of 3510015920?
5
What is the ten thousands digit of 253455267?
5
What is the millions digit of 2505910608?
5
What is the millions digit of 170132462?
0
What is the hundred thousands digit of 908165442?
1
What is the hundreds digit of 1239596420?
4
What is the hundreds digit of 2769228748?
7
What is the millions digit of 754454035?
4
What is the hundreds digit of 2601130243?
2
What is the hundred millions digit of 929409190?
9
What is the tens digit of 286798643?
4
What is the millions digit of 1813129321?
3
What is the thousands digit of 124471746?
1
What is the ten millions digit of 615568082?
1
What is the hundreds digit of 387922965?
9
What is the hundred millions digit of 2532452652?
5
What is the ten millions digit of 21984027?
2
What is the tens digit of 863672048?
4
What is the hundreds digit of 1274445136?
1
What is the hundred thousands digit of 64986160?
9
What is the billions digit of 6201442164?
6
What is the hundred thousands digit of 585450587?
4
What is the hundred thousands digit of 116012792?
0
What is the ten millions digit of 141190577?
4
What is the millions digit of 314915603?
4
What is the tens digit of 228537903?
0
What is the hundreds digit of 1529081316?
3
What is the hundred millions digit of 1129627322?
1
What is the millions digit of 2319712493?
9
What is the billions digit of 2677541311?
2
What is the hundreds digit of 128433888?
8
What is the tens digit of 729687299?
9
What is the ten millions digit of 63143925?
6
What is the ten thousands digit of 360807886?
0
What is the ten thousands digit of 468813766?
1
What is the thousands digit of 76391998?
1
What is the tens digit of 42859102?
0
What is the ten millions digit of 72766126?
7
What is the millions digit of 8940181917?
0
What is the units digit of 163954581?
1
What is the thousands digit of 4108030764?
0
What is the tens digit of 37408561?
6
What is the tens digit of 1429610720?
2
What is the ten millions digit of 318063598?
1
What is the thousands digit of 48986181?
6
What is the tens digit of 200617270?
7
What is the millions digit of 2611580498?
1
What is the units digit of 3124848826?
6
What is the ten millions digit of 25781636?
2
What is the thousands digit of 98649723?
9
What is the hundreds digit of 62521541?
5
What is the hundred thousands digit of 17383981?
3
What is the units digit of 1327553905?
5
What is the units digit of 92381689?
9
What is the ten millions digit of 32932573?
3
What is the tens digit of 3817430412?
1
What is the units digit of 34983297?
7
What is the thousands digit of 2786902948?
2
What is the hundreds digit of 10843866?
8
What is the tens digit of 6214264238?
3
What is the units digit of 77910454?
4
What is the hundreds digit of 33910001?
0
What is the tens digit of 92884790?
9
What is the units digit of 1748978396?
6
What is the units digit of 8380553770?
0
What is the ten thousands digit of 506234231?
3
What is the tens digit of 36305943?
4
What is the millions digit of 49394510?
9
What is the hundreds digit of 442163450?
4
What is the units digit of 74254706?
6
What is the hundred thousands digit of 32065004?
0
What is the ten millions digit of 26624928?
2
What is the millions digit of 81049363?
1
What is the hundreds digit of 146489632?
6
What is the thousands digit of 67008852?
8
What is the hundreds digit of 673188827?
8
What is the hundred thousands digit of 32119483?
1
What is the tens digit of 9003484?
8
What is the units digit of 11698524?
4
What is the hundreds digit of 928074302?
3
What is the units digit of 448777332?
2
What is the ten thousands digit of 155177570?
7
What is the hundreds digit of 63611495?
4
What is the thousands digit of 575727370?
7
What is the thousands digit of 39581442?
1
What is the millions digit of 429400408?
9
What is the hundred millions digit of 338895506?
3
What is the thousands digit of 124632003?
2
What is the ten millions digit of 54669008?
5
What is the hundreds digit of 304948710?
7
What is the thousands digit of 3110714569?
4
What is the ten thousands digit of 33583157?
8
What is the thousands digit of 1243922666?
2
What is the units digit of 7663833573?
3
What is the hundred millions digit of 9080314684?
0
What is the ten millions digit of 27710116?
2
What is the hundred thousands digit of 57128086?
1
What is the units digit of 1581065279?
9
What is the thousands digit of 59403005?
3
What is the hundreds digit of 223039733?
7
What is the thousands digit of 428647249?
7
What is the hundreds digit of 11525391?
3
What is the ten thousands digit of 1809292?
0
What is the ten thousands digit of 16486115?
8
What is the tens digit of 82460542?
4
What is the units digit of 1388390870?
0
What is the ten thousands digit of 30726505?
2
What is the thousands digit of 1362208109?
8
What is the ten millions digit of 38114322?
3
What is the billions digit of 1562781819?
1
What is the hundred millions digit of 1845283434?
8
What is the tens digit of 15928450?
5
What is the ten millions digit of 1714031509?
1
What is the ten thousands digit of 43079737?
7
What